 60737681 a prime number?
True
Is 16200577 prime?
True
Is 69028807 prime?
False
Is 44790751 a composite number?
True
Is 22444189 prime?
True
Is 38736317 composite?
False
Is 38883989 a prime number?
True
Is 2414749 a composite number?
False
Is 9776639 composite?
False
Is 89253797 a composite number?
True
Is 153446891 prime?
False
Is 2735087 prime?
True
Is 10381303 prime?
False
Is 7015861 a prime number?
False
Is 655439 a composite number?
False
Is 6190831 a composite number?
True
Is 100352531 prime?
True
Is 111477329 prime?
True
Is 10460495 composite?
True
Is 13336679 a composite number?
True
Is 4486054 a composite number?
True
Is 137266631 a composite number?
False
Is 10026539 a composite number?
False
Is 40443131 prime?
False
Is 11491573 prime?
True
Is 19992367 a prime number?
True
Is 1119923873 composite?
False
Is 7543843 composite?
False
Is 383803 a composite number?
True
Is 92512571 prime?
False
Is 19966621 a prime number?
True
Is 178692181 a prime number?
True
Is 211383619 a prime number?
True
Is 23624941 composite?
False
Is 3223 a composite number?
True
Is 746651 a composite number?
True
Is 5751503 prime?
True
Is 19552219 composite?
True
Is 7264771 composite?
True
Is 1766689 a prime number?
True
Is 2435209 a composite number?
True
Is 22293263 prime?
False
Is 1272437 a composite number?
True
Is 23045261 prime?
True
Is 21831518 composite?
True
Is 12591743 prime?
True
Is 5015167 prime?
True
Is 32753597 composite?
False
Is 11508829 prime?
True
Is 85001 a prime number?
False
Is 8609297 prime?
True
Is 12732989 prime?
True
Is 127974839 a prime number?
True
Is 145906523 a prime number?
False
Is 27971407 a composite number?
False
Is 77628907 composite?
True
Is 23491763 a composite number?
True
Is 3563563 a prime number?
True
Is 624763 composite?
False
Is 34610171 a prime number?
True
Is 747381 prime?
False
Is 29989 prime?
True
Is 3626242 a prime number?
False
Is 491845 a composite number?
True
Is 37100057 prime?
True
Is 254455 a prime number?
False
Is 49590787 prime?
False
Is 4492343 composite?
False
Is 191114303 a composite number?
False
Is 1502621 prime?
True
Is 11285743 composite?
True
Is 2096761 a prime number?
True
Is 17726111 composite?
True
Is 14158357 a composite number?
False
Is 343722307 a composite number?
False
Is 51261701 prime?
False
Is 17546047 composite?
False
Is 911641 composite?
True
Is 100372541 composite?
True
Is 710347 a prime number?
False
Is 127731809 prime?
True
Is 4222181 composite?
True
Is 348651749 a composite number?
False
Is 20169969 prime?
False
Is 191064883 composite?
False
Is 34858249 prime?
False
Is 144961405 prime?
False
Is 197059 prime?
True
Is 2241469 prime?
False
Is 5513353 composite?
True
Is 1466567 prime?
True
Is 13204157 a composite number?
False
Is 3496291 composite?
False
Is 1421501 composite?
False
Is 7152487 prime?
True
Is 11253797 composite?
False
Is 18039761 composite?
False
Is 212419279 a composite number?
True
Is 22908859 composite?
True
Is 171267 composite?
True
Is 10410401 a composite number?
True
Is 462772705 prime?
False
Is 335285207 prime?
False
Is 299027483 a prime number?
True
Is 88070987 prime?
True
Is 11499037 composite?
True
Is 77751001 a prime number?
False
Is 524900539 a prime number?
False
Is 42660811 composite?
True
Is 4115993 a prime number?
False
Is 55157561 prime?
True
Is 15744691 composite?
False
Is 3252191 a prime number?
True
Is 102799079 prime?
True
Is 2176747 a prime number?
False
Is 364400537 prime?
False
Is 110298007 a composite number?
False
Is 24727073 composite?
True
Is 11500771 a composite number?
False
Is 959181 composite?
True
Is 7728499 composite?
True
Is 201685553 composite?
False
Is 3964307 composite?
False
Is 4821451 a prime number?
True
Is 11997437 prime?
True
Is 7275707 a composite number?
False
Is 10155707 a prime number?
False
Is 9377869 composite?
False
Is 11483662 a composite number?
True
Is 186449 a prime number?
False
Is 621918239 a composite number?
True
Is 1670653 a composite number?
False
Is 125022466 composite?
True
Is 72052469 prime?
True
Is 3635267 a prime number?
False
Is 2916707 a composite number?
True
Is 16437637 prime?
True
Is 140753101 a composite number?
False
Is 549761 a composite number?
True
Is 2349209 a prime number?
True
Is 22026545 composite?
True
Is 155795209 prime?
True
Is 50228531 composite?
False
Is 4580383 composite?
True
Is 4183241 a composite number?
True
Is 349959587 composite?
False
Is 50745967 composite?
False
Is 417910103 a composite number?
True
Is 5240353 a composite number?
True
Is 28372483 prime?
False
Is 318546911 composite?
True
Is 1880113 prime?
False
Is 23747353 a composite number?
True
Is 93133861 composite?
True
Is 231769199 a composite number?
True
Is 29491721 a composite number?
True
Is 1346431 prime?
False
Is 19075969 a composite number?
True
Is 11959009 prime?
False
Is 7941929 a prime number?
False
Is 286425857 a prime number?
False
Is 9395651 a composite number?
False
Is 43469269 composite?
False
Is 3471115 composite?
True
Is 5130847 prime?
True
Is 140787161 a prime number?
True
Is 2276357 a composite number?
False
Is 471250961 a composite number?
False
Is 34712407 a prime number?
True
Is 12469861 composite?
False
Is 1549856855 prime?
False
Is 361232519 composite?
True
Is 52039983 a prime number?
False
Is 6714311 prime?
True
Is 8744794 prime?
False
Is 84780607 composite?
False
Is 80354 prime?
False
Is 9037159 a prime number?
False
Is 10123241 a prime number?
True
Is 209851 a prime number?
True
Is 201621829 a composite number?
False
Is 581974 a composite number?
True
Is 4741169 composite?
False
Is 26017067 composite?
False
Is 7110673 composite?
False
Is 6625622 a prime number?
False
Is 1449779 a composite number?
False
Is 564929 a prime number?
False
Is 392617 prime?
False
Is 1343299 composite?
False
Is 1126847 a composite number?
False
Is 38170733 prime?
True
Is 2000789 composite?
True
Is 3111271 a prime number?
True
Is 54367766 a prime number?
False
Is 1703381 a composite number?
False
Is 6361939 prime?
False
Is 20869687 a composite number?
False
Is 649618 prime?
False
Is 251201978 a composite number?
True
Is 32173261 a prime number?
False
Is 14914013 a prime number?
True
Is 23904367 composite?
False
Is 19900781 prime?
True
Is 646711 prime?
False
Is 649613 prime?
True
Is 20420863 composite?
True
Is 6832237 prime?
True
Is 21964351 composite?
False
Is 715289 prime?
True
Is 6814907 a prime number?
False
Is 477106897 prime?
False
Is 1575307 composite?
False
Is 5849243 composite?
True
Is 1070621 composite?
False
Is 25792109 composite?
True
Is 31936219 a prime number?
False
Is 1306621 a composite number?
True
Is 469457 composite?
False
Is 1705793 composite?
True
Is 49294699 a composite number?
False
Is 3769133 a composite number?
False
Is 5271353 a prime number?
False
Is 7555451 a composite number?
True
Is 10982003 a prime number?
False
Is 66625067 a composite number?
False
Is 361704713 composite?
False
Is 11435629 a prime number?
True
Is 34862161 a prime number?
False
Is 123304543 a composite number?
True
Is 646013 a composite number?
False
Is 560975413 a prime number?
True
Is 91756673 composite?
True
Is 14213113 a composite number?
False
Is 2435549 composite?
True
Is 8773199 a composite number?
False
Is 103111913 composite?
True
Is 84627517 a prime number?
False
Is 9980599 a composite number?
False
Is 42882205 a composite number?
True
Is 1961321 a composite number?
False
Is 366473 composite?
True
Is 54184913 prime?
False
Is 1179379 composite?
False
Is 25301 composite?
False
Is 7453799 a prime number?
True
Is 120521 a composite number?
True
Is 17509045 a composite number?
True
Is 4759093 prime?
True
Is 146776333 a composite number?
True
Is 22265953 a composite number?
False
Is 145964621 composite?
True
Is 15888533 prime?
True
Is 8331047 a prime number?
True
Is 308717177 a composite number?
False
Is 224431633 a prime number?
True
Is 5545561 a composite number?
True
Is 196001941 prime?
False
Is 87781237 prime?
True
Is 104025413 a composite number?
True
Is 903523 a composite number?
True
Is 151238999 composite?
False
Is 2466223 a composite number?
False
Is 2657813 composite?
True
Is 189758885 composite?
True
Is 5177869 composite?
False
Is 1583233 prime?
True
Is 269119 prime?
False
Is 665499923 composite?
True
Is 207